culate p(-14).
-16
Let o(c) = 69*c**3 + 6*c**2 - 434*c + 431. What is o(1)?
72
Let g(k) = -3*k**3 - 29*k**2 + 35*k + 445. Calculate g(-11).
544
Let k(v) = 2*v**3 - 9*v**2 - 729*v - 2108. Calculate k(-15).
52
Let h(c) = 102*c**2 + 45*c - 280. Calculate h(3).
773
Let x(i) = 14534*i + 87192. Calculate x(-6).
-12
Let f(m) = 755*m + 47418. Calculate f(-63).
-147
Let g(u) = 1036*u + 82794. Determine g(-80).
-86
Let f(k) = 5*k**3 - 226*k**2 + 306*k - 1849. What is f(44)?
-1
Let z(q) = q**2 + 29*q - 67. What is z(-19)?
-257
Let g(j) = 72*j**2 + 184*j + 126. Calculate g(-5).
1006
Let y(k) = k**3 + 145*k**2 + 25*k + 3618. Determine y(-145).
-7
Let l(n) = n**2 + 49788*n - 2591675. Calculate l(52).
5
Let n(m) = 2*m**2 - 7115*m - 500543. Calculate n(-69).
-86
Let s(z) = -z**3 - 277*z**2 - 3397*z - 940966. Determine s(-277).
3
Let s(d) = -905957*d - 4529780. Determine s(-5).
5
Let b(v) = 8727*v - 43680. Determine b(5).
-45
Let m(j) = 20*j**3 + 19*j**2 - 1019*j - 1036. Calculate m(-1).
-18
Let k(p) = -15821*p - 189867. Calculate k(-12).
-15
Let i(c) = 32*c**2 - 311*c + 91. Calculate i(8).
-349
Let b(w) = 2455*w**2 - 2495*w + 4. Determine b(1).
-36
Let m(h) = 4*h**2 - 581*h + 14131. What is m(31)?
-36
Let z(m) = m**3 + 64*m**2 - 2355*m - 1308. What is z(-90)?
42
Let l(h) = -h**2 + 290*h - 5395. What is l(20)?
5
Let i(m) = m**3 + 18*m**2 + 197*m + 3500. Determine i(-16).
860
Let p(m) = -48*m**3 + 24*m**2 - 36*m - 20. What is p(2)?
-380
Let g(z) = 5*z**2 - 551*z - 9472. What is g(-15)?
-82
Let d(q) = -2*q**2 - 9566*q + 144025. Give d(15).
85
Let b(o) = o**2 + 2991*o - 26953. Determine b(9).
47
Let q(o) = -o**3 - 50*o**2 - 187*o + 67. Give q(-5).
-123
Let h(j) = -j**3 - 93*j**2 - 326*j + 10022. Calculate h(-88).
-10
Let t(d) = -36*d**2 + 8*d - 1761. Give t(0).
-1761
Let b(s) = -133*s**3 + s**2 - 92*s + 186. Give b(2).
-1058
Let c(x) = 27*x**2 - 679*x - 142. Give c(29).
2874
Let m(x) = -3*x**3 + 127*x**2 - 94*x - 406. Determine m(42).
-2590
Let a(b) = -46*b - 1346. Calculate a(-26).
-150
Let l(r) = 778*r + 82100. Determine l(-105).
410
Let k(v) = 2*v**2 + 10143*v - 60876. Calculate k(6).
54
Let f(r) = r**3 - 501*r**2 - 3970*r + 5583. Determine f(-9).
3
Let b(h) = -16*h - 1796. Calculate b(-24).
-1412
Let i(m) = 22*m**2 - 139*m + 772. Give i(6).
730
Let y(u) = -3*u**2 + 1505*u - 145454. Give y(371).
-22
Let n(l) = -l**3 - 5*l**2 + 154*l + 829. Calculate n(-16).
1181
Let m(k) = -k**3 + 133*k**2 - 505*k + 14938. Determine m(130).
-12
Let l(m) = 2*m**2 + 17026*m + 475154. Calculate l(-28).
-6
Let y(x) = -2*x**3 + 282*x**2 + 39044*x - 504. What is y(227)?
-504
Let g(a) = -6*a**3 + 14*a**2 - 45*a + 407. Determine g(8).
-2129
Let t(m) = -9*m**2 - 184*m - 31. Give t(0).
-31
Let l(w) = -9045492*w + 18090991. Calculate l(2).
7
Let i(k) = 6*k**3 - 211*k**2 - 2027*k + 49. What is i(43)?
-209
Let v(f) = 518*f + 4856. Calculate v(-11).
-842
Let x(n) = 2*n**2 + 1791*n + 136379. Determine x(-84).
47
Let k(f) = f**3 - 27*f**2 + 8*f - 452. Calculate k(26).
-920
Let h(z) = -2608*z + 8139. Calculate h(3).
315
Let a(k) = -k**3 - 649*k**2 + 7389*k - 1415. Give a(11).
4
Let u(b) = b**2 + 86*b + 754. Give u(-6).
274
Let t(c) = -c**2 - 1050*c - 104154. Give t(-111).
75
Let l(t) = 195*t - 2178. Calculate l(15).
747
Let y(s) = -s**3 - 9*s**2 - 147*s - 1299. Calculate y(-10).
271
Let r(s) = -s**3 + 253*s + 4. Give r(-16).
52
Let r(z) = -3388*z + 186397. Determine r(55).
57
Let q(s) = 465*s + 74739. What is q(-161)?
-126
Let n(q) = -4363*q + 13119. Give n(3).
30
Let c(o) = -7558*o + 68048. Calculate c(9).
26
Let j(f) = f**3 - 31*f**2 + 66*f - 537. What is j(30)?
543
Let h(p) = -p**2 + p + 657. Give h(-24).
57
Let f(q) = -182*q**3 - 6*q**2 + 953*q - 946. Determine f(1).
-181
Let p(v) = -5*v**2 - 53*v - 123. Determine p(-7).
3
Let k(l) = -22*l**2 + 43*l - 101. Calculate k(7).
-878
Let y(d) = -2911303*d - 20379114. What is y(-7)?
7
Let t(w) = -w**3 + 131*w**2 + 936*w - 222. What is t(-7)?
-12
Let h(k) = 1392*k + 16320. Give h(-11).
1008
Let z(t) = 11*t**3 + 96*t**2 - 242*t + 69. Calculate z(-11).
-294
Let n(r) = -160*r + 25489. Give n(160).
-111
Let k(y) = -9*y**2 - 48*y - 81. Give k(-6).
-117
Let j(m) = 21345*m + 298606. Calculate j(-14).
-224
Let o(m) = 4*m**2 - 2900*m + 11562. Calculate o(721).
26
Let j(m) = m**2 - 76*m + 3939. Give j(44).
2531
Let m(w) = 100*w**2 - 85957*w + 171909. What is m(2)?
395
Let n(m) = 631874*m + 3159370. Determine n(-5).
0
Let d(k) = 106*k**2 - 9513*k - 2436. Calculate d(90).
-6
Let k(z) = -z**3 - z**2 - 1052*z - 5361. Calculate k(-5).
-1
Let i(m) = -194221*m - 1165338. Determine i(-6).
-12
Let f(h) = -81*h - 2854. Determine f(-36).
62
Let u(b) = -97*b + 4986. Determine u(52).
-58
Let p(r) = r**2 + 18*r - 84026. Give p(-299).
-7
Let v(r) = 3*r**2 + 90*r + 40. What is v(-21)?
-527
Let r(o) = -o**3 - 2*o**2 - 575*o + 4427. Give r(7).
-39
Let n(r) = -14*r**3 + 685*r**2 - 1774*r + 89316. What is n(49)?
-11
Let a(d) = 38*d**2 - 660*d - 33. Calculate a(17).
-271
Let i(z) = 376*z**3 - 16*z**2 + 7*z + 10. Give i(1).
377
Let c(m) = -472*m - 2217. What is c(-6)?
615
Let g(u) = -123262*u + 369777. Determine g(3).
-9
Let f(u) = -1473*u + 80679. Determine f(55).
-336
Let n(c) = 7*c**3 + 50*c**2 - 95*c - 15. Give n(2).
51
Let x(r) = r**3 + 87*r**2 + 700*r - 239. What is x(-78)?
-83
Let z(j) = 6*j**3 + 5641*j**2 - 4702*j + 2823. Determine z(-941).
0
Let y(k) = -2*k**3 - 103*k**2 + 596*k - 234. Give y(5).
-79
Let x(n) = -5032*n - 935991. Calculate x(-186).
-39
Let o(c) = c**2 + 180*c - 7982. Give o(38).
302
Let y(n) = -33*n**2 - 60*n + 343. Determine y(-5).
-182
Let u(t) = 17*t**2 - 1101*t + 6878. What is u(7)?
4
Let o(v) = -v**3 + 199*v**2 - 136*v - 12272. Give o(198).
4
Let v(u) = -6*u**3 + 12*u**2 + 872*u - 5126. Give v(6).
-758
Let s(g) = -g**2 + 21719*g + 11177660. Determine s(-503).
-6
Let g(y) = -y**2 - 363*y + 1084. Determine g(3).
-14
Let q(v) = -527*v - 19915. What is q(-38)?
111
Let i(f) = 285*f + 6964. What is i(-30)?
-1586
Let z(s) = s**2 - 85*s - 5369. What is z(-40)?
-369
Let p(t) = -5*t**2 + 350*t + 2128. What is p(76)?
-152
Let q(n) = 2*n**3 + 206*n**2 + 1136*n + 784. Determine q(-5).
4
Let q(l) = 9999*l - 719933. Give q(72).
-5
Let y(c) = -70*c + 7928. Determine y(115).
-122
Let b(t) = 6*t**3 + 219*t**2 - 156*t + 61. Calculate b(-37).
1726
Let b(h) = 512*h**2 + 67549*h - 4629. Determine b(-132).
-9
Let y(z) = 2*z**2 - 316*z + 5586. What is y(21)?
-168
Let f(w) = 8*w**2 + 3264*w - 19620. Calculate f(6).
252
Let n(b) = -3*b**3 - 199*b**2 - 185*b + 4866. Give n(-65).
-9
Let n(h) = -2008*h - 536133. What is n(-267)?
3
Let z(j) = -203857*j + 1630847. What is z(8)?
-9
Let k(c) = -c**2 + 1706*c - 82838. Calculate k(50).
-38
Let b(s) = 2*s**2 - 155*s + 63. Give b(77).
-14
Let r(i) = 5022*i + 1722546. Give r(-343).
0
Let n(b) = -15*b**2 + 940*b - 617. Calculate n(60).
1783
Let u(f) = -25*f**2 - 514*f + 2095. Give u(4).
-361
Let s(y) = 4*y**3 + 451*y**2 + 11139*y + 1209936. Calculate s(-112).
0
Let m(y) = -729*y - 202932. Determine m(-278).
-270
Let z(a) = 1914*a + 45836. Calculate z(-24).
-100
Let v(y) = -1189*y - 56641. Calculate v(-50).
2809
Let h(z) = z**2 - 315*z + 21362. Calculate h(99).
-22
Let u(l) = -10*l**2 + 455*l + 1958. What is u(49)?
243
Let r(l) = -1509*l + 1923. What is r(3)?
-2604
Let a(i) = 50033*i - 550357. Calculate a(11).
6
Let h(d) = -2235*d - 234680. Give h(-105).
-5
Let q(b) = 2*b**3 + 92*b**2 - 26*b - 760. What is q(-46)?
436
Let c(n) = n**3 - 73*n**2 + 486*n - 83. Determine c(7).
85
Let g(i) = 4987*i**2 + 124596*i - 1971. Give g(-25).
4
Let y(c) = -5087*c**2 - 35601*c + 52. Give y(-7).
-4
Let x(b) = -3504*b - 14217. Give x(-4).
-201
Let g(d) = 15469*d + 58379. Calculate g(-4).
-3497
Let a(m) = 18*m**2 + 1473*m - 3309. Determine a(-84).
-33
Let a(n) = 2*n**2 - 29*n - 35039. What is a(140)?
101
Let g(l) = -181*l - 12698. Give g(-74).
696
Let m(c) = 18199*c - 72745. Calculate m(4).
51
Let j(i) = -25625*i - 2972486. Give j(-116).
14
Let x(j) = 690189*j - 3450932. What is x(5)?
13
Let b(x) = -x**3 - 263*x**2 + 995*x - 584. Determine b(3).
7
Let a(s) = 1055*s + 14949. Determine a(-14).
179
Let h(w) = -2*w**3 + 79*w**2 + 782*w + 72. Give h(49).
-7229
Let k(j) = -j**3 + 190*j**2 - 1433*j - 35490. Give k(181).
-14
Let k(f) = -12801*f + 6297. Give k(1